{"id":497,"date":"2021-04-10T12:16:14","date_gmt":"2021-04-10T15:16:14","guid":{"rendered":"http:\/\/www.santacasalivramento.com.br\/site\/?page_id=497"},"modified":"2021-04-10T12:21:44","modified_gmt":"2021-04-10T15:21:44","slug":"especialidades","status":"publish","type":"page","link":"https:\/\/www.santacasalivramento.com.br\/site\/especialidades\/","title":{"rendered":"Especialidades"},"content":{"rendered":"\t\t<div data-elementor-type=\"wp-page\" data-elementor-id=\"497\" class=\"elementor elementor-497\" data-elementor-settings=\"[]\">\n\t\t\t\t\t\t\t<div class=\"elementor-section-wrap\">\n\t\t\t\t\t\t\t<section class=\"elementor-section elementor-top-section elementor-element elementor-element-5395d50 elementor-section-boxed elementor-section-height-default elementor-section-height-default\" data-id=\"5395d50\" data-element_type=\"section\">\n\t\t\t\t\t\t<div class=\"elementor-container elementor-column-gap-default\">\n\t\t\t\t\t<div class=\"elementor-column elementor-col-33 elementor-top-column elementor-element elementor-element-6cdcd2f\" data-id=\"6cdcd2f\" data-element_type=\"column\">\n\t\t\t<div class=\"elementor-widget-wrap elementor-element-populated\">\n\t\t\t\t\t\t\t\t<div class=\"elementor-element elementor-element-2d5e8ca elementor-widget elementor-widget-text-editor\" data-id=\"2d5e8ca\" data-element_type=\"widget\" data-widget_type=\"text-editor.default\">\n\t\t\t\t<div class=\"elementor-widget-container\">\n\t\t\t\t\t<div class=\"elementor-text-editor elementor-clearfix\"><ul><li>CIRURGICA<\/li><li>OBSTETR\u00cdCIA<\/li><li>CL\u00cdNICA M\u00c9DICA<\/li><li>PEDIATRIA<\/li><li>AMBULAT\u00d3RIO<\/li><li>CIRURGIA PLASTICA REPARADORA<\/li><li>FISIOTERAPIA<\/li><li>UROLOGIA<\/li><li>GINECOLOGIA<\/li><\/ul><\/div>\n\t\t\t\t<\/div>\n\t\t\t\t<\/div>\n\t\t\t\t\t<\/div>\n\t\t<\/div>\n\t\t\t\t<div class=\"elementor-column elementor-col-33 elementor-top-column elementor-element elementor-element-9cb27ac\" data-id=\"9cb27ac\" data-element_type=\"column\">\n\t\t\t<div class=\"elementor-widget-wrap elementor-element-populated\">\n\t\t\t\t\t\t\t\t<div class=\"elementor-element elementor-element-ce80840 elementor-widget elementor-widget-text-editor\" data-id=\"ce80840\" data-element_type=\"widget\" data-widget_type=\"text-editor.default\">\n\t\t\t\t<div class=\"elementor-widget-container\">\n\t\t\t\t\t<div class=\"elementor-text-editor elementor-clearfix\"><ul><li><span style=\"background-color: transparent;\">TRAUMATOLOGIA\/ORTOPEDIA<\/span><\/li><li>NEUROLOGIA<\/li><li>CIRURGIA VASCULAR<\/li><li>CARDIOLOGIA<\/li><li>ANESTESIOLOGIA<\/li><li>ENDOCRINOLOGIA<\/li><li>GASTROENTEROLOGIA<\/li><li>GERIATRIA<\/li><li>NEFROLOGIA<\/li><li>ONCOLOGIA<\/li><\/ul><\/div>\n\t\t\t\t<\/div>\n\t\t\t\t<\/div>\n\t\t\t\t\t<\/div>\n\t\t<\/div>\n\t\t\t\t<div class=\"elementor-column elementor-col-33 elementor-top-column elementor-element elementor-element-60d4474\" data-id=\"60d4474\" data-element_type=\"column\">\n\t\t\t<div class=\"elementor-widget-wrap elementor-element-populated\">\n\t\t\t\t\t\t\t\t<div class=\"elementor-element elementor-element-a9182e4 elementor-widget elementor-widget-text-editor\" data-id=\"a9182e4\" data-element_type=\"widget\" data-widget_type=\"text-editor.default\">\n\t\t\t\t<div class=\"elementor-widget-container\">\n\t\t\t\t\t<div class=\"elementor-text-editor elementor-clearfix\"><ul><li><span style=\"background-color: transparent;\">OTORRINOLARINGOLOGIA<\/span><\/li><li>PNEUMOLOGIA<\/li><li>MEDICINA INTENSIVA<\/li><li>URG\u00caNCIA\/EMERG\u00caNCIA<\/li><li>UTI<\/li><li>PROCTOL\u00d3GICA<\/li><li>ECOGRAFIA<\/li><li>PSQUIATRIA<\/li><li>MASTOLOGIA<\/li><\/ul><\/div>\n\t\t\t\t<\/div>\n\t\t\t\t<\/div>\n\t\t\t\t\t<\/div>\n\t\t<\/div>\n\t\t\t\t\t\t\t<\/div>\n\t\t<\/section>\n\t\t\t\t\t\t<\/div>\n\t\t\t\t\t<\/div>\n\t\t","protected":false},"excerpt":{"rendered":"<p>CIRURGICA OBSTETR\u00cdCIA CL\u00cdNICA M\u00c9DICA PEDIATRIA AMBULAT\u00d3RIO CIRURGIA PLASTICA REPARADORA FISIOTERAPIA UROLOGIA GINECOLOGIA TRAUMATOLOGIA\/ORTOPEDIA NEUROLOGIA CIRURGIA VASCULAR CARDIOLOGIA ANESTESIOLOGIA ENDOCRINOLOGIA GASTROENTEROLOGIA GERIATRIA NEFROLOGIA ONCOLOGIA OTORRINOLARINGOLOGIA PNEUMOLOGIA MEDICINA INTENSIVA URG\u00caNCIA\/EMERG\u00caNCIA UTI PROCTOL\u00d3GICA ECOGRAFIA PSQUIATRIA MASTOLOGIA<\/p>\n","protected":false},"author":1,"featured_media":0,"parent":0,"menu_order":0,"comment_status":"closed","ping_status":"closed","template":"elementor_header_footer","meta":{"footnotes":""},"class_list":["post-497","page","type-page","status-publish","hentry"],"_links":{"self":[{"href":"https:\/\/www.santacasalivramento.com.br\/site\/wp-json\/wp\/v2\/pages\/497","targetHints":{"allow":["GET"]}}],"collection":[{"href":"https:\/\/www.santacasalivramento.com.br\/site\/wp-json\/wp\/v2\/pages"}],"about":[{"href":"https:\/\/www.santacasalivramento.com.br\/site\/wp-json\/wp\/v2\/types\/page"}],"author":[{"embeddable":true,"href":"https:\/\/www.santacasalivramento.com.br\/site\/wp-json\/wp\/v2\/users\/1"}],"replies":[{"embeddable":true,"href":"https:\/\/www.santacasalivramento.com.br\/site\/wp-json\/wp\/v2\/comments?post=497"}],"version-history":[{"count":10,"href":"https:\/\/www.santacasalivramento.com.br\/site\/wp-json\/wp\/v2\/pages\/497\/revisions"}],"predecessor-version":[{"id":508,"href":"https:\/\/www.santacasalivramento.com.br\/site\/wp-json\/wp\/v2\/pages\/497\/revisions\/508"}],"wp:attachment":[{"href":"https:\/\/www.santacasalivramento.com.br\/site\/wp-json\/wp\/v2\/media?parent=497"}],"curies":[{"name":"wp","href":"https:\/\/api.w.org\/{rel}","templated":true}]}}