{"id":4,"date":"2021-03-29T01:55:06","date_gmt":"2021-03-29T04:55:06","guid":{"rendered":"http:\/\/www.santacasalivramento.com.br\/site\/?page_id=2"},"modified":"2021-05-03T11:31:24","modified_gmt":"2021-05-03T14:31:24","slug":"pagina-exemplo","status":"publish","type":"page","link":"https:\/\/www.santacasalivramento.com.br\/site\/","title":{"rendered":"P\u00e1gina Inicial"},"content":{"rendered":"\t\t<div data-elementor-type=\"wp-page\" data-elementor-id=\"4\" class=\"elementor elementor-4\" data-elementor-settings=\"[]\">\n\t\t\t\t\t\t\t<div class=\"elementor-section-wrap\">\n\t\t\t\t\t\t\t<section class=\"elementor-section elementor-top-section elementor-element elementor-element-347e5519 elementor-section-full_width elementor-section-height-default elementor-section-height-default\" data-id=\"347e5519\" data-element_type=\"section\" data-settings=\"{&quot;background_background&quot;:&quot;classic&quot;}\">\n\t\t\t\t\t\t<div class=\"elementor-container elementor-column-gap-default\">\n\t\t\t\t\t<div class=\"elementor-column elementor-col-100 elementor-top-column elementor-element elementor-element-c89b289\" data-id=\"c89b289\" data-element_type=\"column\">\n\t\t\t<div class=\"elementor-widget-wrap elementor-element-populated\">\n\t\t\t\t\t\t\t\t<div class=\"elementor-element elementor-element-5cb915e elementor-widget elementor-widget-image\" data-id=\"5cb915e\" data-element_type=\"widget\" data-widget_type=\"image.default\">\n\t\t\t\t<div class=\"elementor-widget-container\">\n\t\t\t\t\t<div class=\"elementor-image\">\n\t\t\t\t\t\t\t\t\t\t<img loading=\"lazy\" decoding=\"async\" width=\"1280\" height=\"600\" src=\"https:\/\/www.santacasalivramento.com.br\/site\/wp-content\/uploads\/2021\/04\/santa-casa-livramento.png\" class=\"attachment-2048x2048 size-2048x2048\" alt=\"\" srcset=\"https:\/\/www.santacasalivramento.com.br\/site\/wp-content\/uploads\/2021\/04\/santa-casa-livramento.png 1280w, https:\/\/www.santacasalivramento.com.br\/site\/wp-content\/uploads\/2021\/04\/santa-casa-livramento-300x141.png 300w, https:\/\/www.santacasalivramento.com.br\/site\/wp-content\/uploads\/2021\/04\/santa-casa-livramento-1024x480.png 1024w, https:\/\/www.santacasalivramento.com.br\/site\/wp-content\/uploads\/2021\/04\/santa-casa-livramento-768x360.png 768w\" sizes=\"auto, (max-width: 1280px) 100vw, 1280px\" \/>\t\t\t\t\t\t\t\t\t\t\t<\/div>\n\t\t\t\t<\/div>\n\t\t\t\t<\/div>\n\t\t\t\t\t<\/div>\n\t\t<\/div>\n\t\t\t\t\t\t\t<\/div>\n\t\t<\/section>\n\t\t\t\t<section class=\"elementor-section elementor-top-section elementor-element elementor-element-5cb54bd elementor-section-boxed elementor-section-height-default elementor-section-height-default\" data-id=\"5cb54bd\" data-element_type=\"section\">\n\t\t\t\t\t\t<div class=\"elementor-container elementor-column-gap-default\">\n\t\t\t\t\t<div class=\"elementor-column elementor-col-100 elementor-top-column elementor-element elementor-element-37dcc53\" data-id=\"37dcc53\" data-element_type=\"column\">\n\t\t\t<div class=\"elementor-widget-wrap elementor-element-populated\">\n\t\t\t\t\t\t\t\t<div class=\"elementor-element elementor-element-9886d1e elementor-widget elementor-widget-shortcode\" data-id=\"9886d1e\" data-element_type=\"widget\" data-widget_type=\"shortcode.default\">\n\t\t\t\t<div class=\"elementor-widget-container\">\n\t\t\t\t\t<div class=\"elementor-shortcode\">    \t<script>\n\t\/*\n *  Initialize the slider\n *\/\n\n\t\tjQuery(document).ready(function($){ \n\t\t\tjQuery(\"#wpaft-logo-slider-pagina-inicial\").owlCarousel({\n\t\t\t\titems: \t\t\t\tNumber(wpaft.items),\n\t\t\t\tslideSpeed: \t\tNumber(wpaft.slide_speed),\n\t\t\t\tpaginationSpeed: \tNumber(wpaft.pagination_speed),\n\t\t\t\trewindSpeed: \t\tNumber(wpaft.rewind_speed),\n\t\t\t\tsingleItem: \t\tBoolean('1' == wpaft.single_item),\n\t\t\t\tautoPlay: \t\t\tBoolean('1' == wpaft.auto_play),\n\t\t\t\tstopOnHover: \t\tBoolean('1' == wpaft.stop_on_hover),\n\t\t\t\tnavigation: \t\tBoolean('1' == wpaft.navigation),\n\t\t\t\tpagination: \t\tBoolean('1' == wpaft.pagination),\n\t\t\t\tresponsive: \t\tBoolean('1' == wpaft.responsive)\n\t\t\t});\n\t\t});\n\t<\/script>\n\t<div id=\"wpaft-logo-slider-pagina-inicial\" class=\"owl-carousel\">\n\t\t\n\t<div class=\"logo-container\">\n\t\t <a target=\"_blank\" href=\"https:\/\/www.instagram.com\/floricultura2001\"><img loading=\"lazy\" decoding=\"async\" width=\"300\" height=\"300\" src=\"https:\/\/www.santacasalivramento.com.br\/site\/wp-content\/uploads\/2021\/04\/floricultura-2021.jpg\" class=\"attachment-full size-full wp-post-image\" alt=\"\" srcset=\"https:\/\/www.santacasalivramento.com.br\/site\/wp-content\/uploads\/2021\/04\/floricultura-2021.jpg 300w, https:\/\/www.santacasalivramento.com.br\/site\/wp-content\/uploads\/2021\/04\/floricultura-2021-150x150.jpg 150w\" sizes=\"auto, (max-width: 300px) 100vw, 300px\" \/><\/a>\n    \t\t\t\t\n\t<\/div>\n\t\t\n\t<div class=\"logo-container\">\n\t\t <a target=\"_blank\" href=\"http:\/\/caty.com.br\/\"><img loading=\"lazy\" decoding=\"async\" width=\"300\" height=\"300\" src=\"https:\/\/www.santacasalivramento.com.br\/site\/wp-content\/uploads\/2021\/04\/anuncio-caty.jpg\" class=\"attachment-full size-full wp-post-image\" alt=\"\" srcset=\"https:\/\/www.santacasalivramento.com.br\/site\/wp-content\/uploads\/2021\/04\/anuncio-caty.jpg 300w, https:\/\/www.santacasalivramento.com.br\/site\/wp-content\/uploads\/2021\/04\/anuncio-caty-150x150.jpg 150w\" sizes=\"auto, (max-width: 300px) 100vw, 300px\" \/><\/a>\n    \t\t\t\t\n\t<\/div>\n\t\t  <\/div>\n\t<\/div>\n\t\t\t\t<\/div>\n\t\t\t\t<\/div>\n\t\t\t\t\t<\/div>\n\t\t<\/div>\n\t\t\t\t\t\t\t<\/div>\n\t\t<\/section>\n\t\t\t\t<section class=\"elementor-section elementor-top-section elementor-element elementor-element-7bc2d61e elementor-section-boxed elementor-section-height-default elementor-section-height-default\" data-id=\"7bc2d61e\" data-element_type=\"section\" data-settings=\"{&quot;shape_divider_bottom&quot;:&quot;tilt&quot;,&quot;background_background&quot;:&quot;classic&quot;,&quot;shape_divider_top&quot;:&quot;tilt&quot;}\">\n\t\t\t\t\t<div class=\"elementor-shape elementor-shape-top\" data-negative=\"false\">\n\t\t\t<svg xmlns=\"http:\/\/www.w3.org\/2000\/svg\" viewBox=\"0 0 1000 100\" preserveAspectRatio=\"none\">\n\t<path class=\"elementor-shape-fill\" d=\"M0,6V0h1000v100L0,6z\"\/>\n<\/svg>\t\t<\/div>\n\t\t\t\t<div class=\"elementor-shape elementor-shape-bottom\" data-negative=\"false\">\n\t\t\t<svg xmlns=\"http:\/\/www.w3.org\/2000\/svg\" viewBox=\"0 0 1000 100\" preserveAspectRatio=\"none\">\n\t<path class=\"elementor-shape-fill\" d=\"M0,6V0h1000v100L0,6z\"\/>\n<\/svg>\t\t<\/div>\n\t\t\t\t\t<div class=\"elementor-container elementor-column-gap-no\">\n\t\t\t\t\t<div class=\"elementor-column elementor-col-100 elementor-top-column elementor-element elementor-element-7dcf477e\" data-id=\"7dcf477e\" data-element_type=\"column\">\n\t\t\t<div class=\"elementor-widget-wrap elementor-element-populated\">\n\t\t\t\t\t\t\t\t<div class=\"elementor-element elementor-element-3f3b2a42 elementor-widget elementor-widget-heading\" data-id=\"3f3b2a42\" data-element_type=\"widget\" data-widget_type=\"heading.default\">\n\t\t\t\t<div class=\"elementor-widget-container\">\n\t\t\t<div class=\"elementor-heading-title elementor-size-default\">Artigos &amp; Not\u00edcias<\/div>\t\t<\/div>\n\t\t\t\t<\/div>\n\t\t\t\t<div class=\"elementor-element elementor-element-7fb2a22e elementor-widget__width-auto elementor-widget-tablet__width-initial elementor-absolute elementor-hidden-tablet elementor-hidden-phone elementor-invisible elementor-widget elementor-widget-image\" data-id=\"7fb2a22e\" data-element_type=\"widget\" data-settings=\"{&quot;_animation&quot;:&quot;rotateIn&quot;,&quot;_animation_tablet&quot;:&quot;none&quot;,&quot;_animation_mobile&quot;:&quot;none&quot;,&quot;_animation_delay&quot;:100,&quot;_position&quot;:&quot;absolute&quot;}\" data-widget_type=\"image.default\">\n\t\t\t\t<div class=\"elementor-widget-container\">\n\t\t\t\t\t<div class=\"elementor-image\">\n\t\t\t\t\t\t\t\t\t\t<img loading=\"lazy\" decoding=\"async\" width=\"229\" height=\"214\" src=\"https:\/\/www.santacasalivramento.com.br\/site\/wp-content\/uploads\/2021\/03\/triangle6.png\" class=\"attachment-large size-large\" alt=\"\" \/>\t\t\t\t\t\t\t\t\t\t\t<\/div>\n\t\t\t\t<\/div>\n\t\t\t\t<\/div>\n\t\t\t\t<div class=\"elementor-element elementor-element-e7be1f0 elementor-widget__width-auto elementor-widget-tablet__width-initial elementor-absolute elementor-hidden-tablet elementor-hidden-phone elementor-invisible elementor-widget elementor-widget-image\" data-id=\"e7be1f0\" data-element_type=\"widget\" data-settings=\"{&quot;_animation&quot;:&quot;slideInLeft&quot;,&quot;_animation_tablet&quot;:&quot;none&quot;,&quot;_animation_mobile&quot;:&quot;none&quot;,&quot;_animation_delay&quot;:100,&quot;_position&quot;:&quot;absolute&quot;}\" data-widget_type=\"image.default\">\n\t\t\t\t<div class=\"elementor-widget-container\">\n\t\t\t\t\t<div class=\"elementor-image\">\n\t\t\t\t\t\t\t\t\t\t<img loading=\"lazy\" decoding=\"async\" width=\"40\" height=\"40\" src=\"https:\/\/www.santacasalivramento.com.br\/site\/wp-content\/uploads\/2021\/03\/Rectangle.png\" class=\"attachment-large size-large\" alt=\"\" \/>\t\t\t\t\t\t\t\t\t\t\t<\/div>\n\t\t\t\t<\/div>\n\t\t\t\t<\/div>\n\t\t\t\t<div class=\"elementor-element elementor-element-7af20a13 elementor-widget__width-initial elementor-absolute elementor-widget-tablet__width-initial elementor-hidden-tablet elementor-hidden-phone elementor-invisible elementor-widget elementor-widget-image\" data-id=\"7af20a13\" data-element_type=\"widget\" data-settings=\"{&quot;_animation_tablet&quot;:&quot;none&quot;,&quot;_animation_mobile&quot;:&quot;none&quot;,&quot;_position&quot;:&quot;absolute&quot;,&quot;_animation_delay&quot;:100,&quot;_animation&quot;:&quot;zoomIn&quot;}\" data-widget_type=\"image.default\">\n\t\t\t\t<div class=\"elementor-widget-container\">\n\t\t\t\t\t<div class=\"elementor-image\">\n\t\t\t\t\t\t\t\t\t\t<img loading=\"lazy\" decoding=\"async\" width=\"300\" height=\"246\" src=\"https:\/\/www.santacasalivramento.com.br\/site\/wp-content\/uploads\/2021\/03\/t456.png\" class=\"attachment-full size-full\" alt=\"\" \/>\t\t\t\t\t\t\t\t\t\t\t<\/div>\n\t\t\t\t<\/div>\n\t\t\t\t<\/div>\n\t\t\t\t<div class=\"elementor-element elementor-element-147c41b0 elementor-widget__width-initial elementor-absolute elementor-widget-tablet__width-initial elementor-hidden-tablet elementor-hidden-phone elementor-invisible elementor-widget elementor-widget-image\" data-id=\"147c41b0\" data-element_type=\"widget\" data-settings=\"{&quot;_animation_tablet&quot;:&quot;none&quot;,&quot;_animation_mobile&quot;:&quot;none&quot;,&quot;_position&quot;:&quot;absolute&quot;,&quot;_animation_delay&quot;:0,&quot;_animation&quot;:&quot;fadeIn&quot;}\" data-widget_type=\"image.default\">\n\t\t\t\t<div class=\"elementor-widget-container\">\n\t\t\t\t\t<div class=\"elementor-image\">\n\t\t\t\t\t\t\t\t\t\t<img loading=\"lazy\" decoding=\"async\" width=\"218\" height=\"250\" src=\"https:\/\/www.santacasalivramento.com.br\/site\/wp-content\/uploads\/2021\/03\/Polygon6.png\" class=\"attachment-large size-large\" alt=\"\" \/>\t\t\t\t\t\t\t\t\t\t\t<\/div>\n\t\t\t\t<\/div>\n\t\t\t\t<\/div>\n\t\t\t\t<div class=\"elementor-element elementor-element-1d90d729 elementor-widget__width-initial elementor-absolute elementor-widget-tablet__width-initial elementor-hidden-tablet elementor-hidden-phone elementor-invisible elementor-widget elementor-widget-image\" data-id=\"1d90d729\" data-element_type=\"widget\" data-settings=\"{&quot;_animation_tablet&quot;:&quot;none&quot;,&quot;_animation_mobile&quot;:&quot;none&quot;,&quot;_position&quot;:&quot;absolute&quot;,&quot;_animation_delay&quot;:100,&quot;_animation&quot;:&quot;rotateIn&quot;}\" data-widget_type=\"image.default\">\n\t\t\t\t<div class=\"elementor-widget-container\">\n\t\t\t\t\t<div class=\"elementor-image\">\n\t\t\t\t\t\t\t\t\t\t<img loading=\"lazy\" decoding=\"async\" width=\"200\" height=\"200\" src=\"https:\/\/www.santacasalivramento.com.br\/site\/wp-content\/uploads\/2021\/03\/r23.png\" class=\"attachment-large size-large\" alt=\"\" srcset=\"https:\/\/www.santacasalivramento.com.br\/site\/wp-content\/uploads\/2021\/03\/r23.png 200w, https:\/\/www.santacasalivramento.com.br\/site\/wp-content\/uploads\/2021\/03\/r23-150x150.png 150w\" sizes=\"auto, (max-width: 200px) 100vw, 200px\" \/>\t\t\t\t\t\t\t\t\t\t\t<\/div>\n\t\t\t\t<\/div>\n\t\t\t\t<\/div>\n\t\t\t\t<div class=\"elementor-element elementor-element-23fc6c21 elementor-widget elementor-widget-heading\" data-id=\"23fc6c21\" data-element_type=\"widget\" data-widget_type=\"heading.default\">\n\t\t\t\t<div class=\"elementor-widget-container\">\n\t\t\t<h2 class=\"elementor-heading-title elementor-size-default\">\u00daLTIMAS NOT\u00cdCIAS  <\/h2>\t\t<\/div>\n\t\t\t\t<\/div>\n\t\t\t\t<div class=\"elementor-element elementor-element-39c844f4 elementor-widget-divider--view-line elementor-widget elementor-widget-divider\" data-id=\"39c844f4\" data-element_type=\"widget\" data-widget_type=\"divider.default\">\n\t\t\t\t<div class=\"elementor-widget-container\">\n\t\t\t\t\t<div class=\"elementor-divider\">\n\t\t\t<span class=\"elementor-divider-separator\">\n\t\t\t\t\t\t<\/span>\n\t\t<\/div>\n\t\t\t\t<\/div>\n\t\t\t\t<\/div>\n\t\t\t\t<section class=\"elementor-section elementor-inner-section elementor-element elementor-element-a681ed2 elementor-section-boxed elementor-section-height-default elementor-section-height-default\" data-id=\"a681ed2\" data-element_type=\"section\">\n\t\t\t\t\t\t<div class=\"elementor-container elementor-column-gap-default\">\n\t\t\t\t\t<div class=\"elementor-column elementor-col-100 elementor-inner-column elementor-element elementor-element-3be2425\" data-id=\"3be2425\" data-element_type=\"column\">\n\t\t\t<div class=\"elementor-widget-wrap elementor-element-populated\">\n\t\t\t\t\t\t\t\t<div class=\"elementor-element elementor-element-ea626c1 elementor-widget elementor-widget-emp-mega-posts-display\" data-id=\"ea626c1\" data-element_type=\"widget\" data-widget_type=\"emp-mega-posts-display.default\">\n\t\t\t\t<div class=\"elementor-widget-container\">\n\t\t\t<style type=\"text\/css\"><\/style><div class=\"adclear\"><\/div><div class=\"admegaposts posts_type3 admpselector-1\"><div class=\"admp-columns-3\"><div class=\"admegaposts-thumbs-container\"><img decoding=\"async\" class=\"megaposts-thumbs\" src=\"https:\/\/www.santacasalivramento.com.br\/site\/wp-content\/uploads\/2025\/03\/lei-800x500.png\" alt=\"PORTAL DA TRANSPAR\u00caNCIA SANTA CASA            LIVRAMENTO\"><\/div><div class=\"admp-info-left\"><div class=\"admp-details\"><span class=\"admp-category\"><i class=\"fa fa-tags\"><\/i><a href=\"https:\/\/www.santacasalivramento.com.br\/site\/category\/notas-e-avisos\/\" title=\"View all posts in Notas e Avisos\">Notas e Avisos<\/a>, <a href=\"https:\/\/www.santacasalivramento.com.br\/site\/category\/noticias\/\" title=\"View all posts in Not\u00edcias\">Not\u00edcias<\/a><\/span><span class=\"admp-views\"><i class=\"fa fa-eye\"><\/i>0<\/span><\/div><span class=\"admp-title\"><a href=\"https:\/\/www.santacasalivramento.com.br\/site\/noticias\/portal-da-transparencia-santa-casa-livramento\/\">PORTAL DA TRANSPAR\u00caNCIA SANTA CASA            LIVRAMENTO<\/a><\/span><span class=\"admp-date\"><i class=\"icon-calendar\"><\/i>25 de mar\u00e7o de 2025<\/span><span class=\"admp-content\">T\u00cdTULO IV-A\nDAS REGRAS COMPLEMENTARES PARA EMENDAS PARLAMENTARES DESTINADAS \u00c0S ENTIDADES PRIVADAS SEM FINS LUCRATIVOS\n<\/span><a class=\"admp-read-more\" href=\"https:\/\/www.santacasalivramento.com.br\/site\/noticias\/portal-da-transparencia-santa-casa-livramento\/\">Leia mais<\/a><\/div><\/div><div class=\"admp-columns-3\"><div class=\"admegaposts-thumbs-container\"><img decoding=\"async\" class=\"megaposts-thumbs\" src=\"https:\/\/www.santacasalivramento.com.br\/site\/wp-content\/uploads\/2024\/05\/alerta-samu-800x500.jpeg\" alt=\"\"><\/div><div class=\"admp-info-left\"><div class=\"admp-details\"><span class=\"admp-category\"><i class=\"fa fa-tags\"><\/i><a href=\"https:\/\/www.santacasalivramento.com.br\/site\/category\/notas-e-avisos\/\" title=\"View all posts in Notas e Avisos\">Notas e Avisos<\/a>, <a href=\"https:\/\/www.santacasalivramento.com.br\/site\/category\/noticias\/\" title=\"View all posts in Not\u00edcias\">Not\u00edcias<\/a><\/span><span class=\"admp-views\"><i class=\"fa fa-eye\"><\/i>0<\/span><\/div><span class=\"admp-title\"><a href=\"https:\/\/www.santacasalivramento.com.br\/site\/noticias\/2433\/\"><\/a><\/span><span class=\"admp-date\"><i class=\"icon-calendar\"><\/i>18 de outubro de 2023<\/span><span class=\"admp-content\"><\/span><a class=\"admp-read-more\" href=\"https:\/\/www.santacasalivramento.com.br\/site\/noticias\/2433\/\">Leia mais<\/a><\/div><\/div><div class=\"admp-columns-3\"><div class=\"admegaposts-thumbs-container\"><img decoding=\"async\" class=\"megaposts-thumbs\" src=\"https:\/\/www.santacasalivramento.com.br\/site\/wp-content\/uploads\/2021\/09\/p-2.jpg\" alt=\"Projeto Cuidando e Transformando abra\u00e7a nossa Santa Casa.\"><\/div><div class=\"admp-info-left\"><div class=\"admp-details\"><span class=\"admp-category\"><i class=\"fa fa-tags\"><\/i><a href=\"https:\/\/www.santacasalivramento.com.br\/site\/category\/noticias\/\" title=\"View all posts in Not\u00edcias\">Not\u00edcias<\/a><\/span><span class=\"admp-views\"><i class=\"fa fa-eye\"><\/i>0<\/span><\/div><span class=\"admp-title\"><a href=\"https:\/\/www.santacasalivramento.com.br\/site\/noticias\/projeto-cuidando-e-transformando-abraca-nossa-santa-casa\/\">Projeto Cuidando e Transformando abra\u00e7a nossa Santa Casa.<\/a><\/span><span class=\"admp-date\"><i class=\"icon-calendar\"><\/i>6 de setembro de 2021<\/span><span class=\"admp-content\">O projeto conta com ajuda da comunidade e apoio de volunt\u00e1rias e come\u00e7ou com a realiza\u00e7\u00e3o de treinamento para melhor<\/span><a class=\"admp-read-more\" href=\"https:\/\/www.santacasalivramento.com.br\/site\/noticias\/projeto-cuidando-e-transformando-abraca-nossa-santa-casa\/\">Leia mais<\/a><\/div><\/div><br class=\"adclear\"><\/div>\t\t<\/div>\n\t\t\t\t<\/div>\n\t\t\t\t\t<\/div>\n\t\t<\/div>\n\t\t\t\t\t\t\t<\/div>\n\t\t<\/section>\n\t\t\t\t\t<\/div>\n\t\t<\/div>\n\t\t\t\t\t\t\t<\/div>\n\t\t<\/section>\n\t\t\t\t<section class=\"elementor-section elementor-top-section elementor-element elementor-element-553ffb0 elementor-section-boxed elementor-section-height-default elementor-section-height-default\" data-id=\"553ffb0\" data-element_type=\"section\">\n\t\t\t\t\t\t<div class=\"elementor-container elementor-column-gap-default\">\n\t\t\t\t\t<div class=\"elementor-column elementor-col-50 elementor-top-column elementor-element elementor-element-4fb66ab\" data-id=\"4fb66ab\" data-element_type=\"column\">\n\t\t\t<div class=\"elementor-widget-wrap elementor-element-populated\">\n\t\t\t\t\t\t\t\t<div class=\"elementor-element elementor-element-8a7c37a elementor-widget elementor-widget-image\" data-id=\"8a7c37a\" data-element_type=\"widget\" data-widget_type=\"image.default\">\n\t\t\t\t<div class=\"elementor-widget-container\">\n\t\t\t\t\t<div class=\"elementor-image\">\n\t\t\t\t\t\t\t\t\t\t<img loading=\"lazy\" decoding=\"async\" width=\"275\" height=\"229\" src=\"https:\/\/www.santacasalivramento.com.br\/site\/wp-content\/uploads\/2021\/04\/boletim-covid19.png\" class=\"attachment-large size-large\" alt=\"\" \/>\t\t\t\t\t\t\t\t\t\t\t<\/div>\n\t\t\t\t<\/div>\n\t\t\t\t<\/div>\n\t\t\t\t\t<\/div>\n\t\t<\/div>\n\t\t\t\t<div class=\"elementor-column elementor-col-50 elementor-top-column elementor-element elementor-element-e31f2bb\" data-id=\"e31f2bb\" data-element_type=\"column\">\n\t\t\t<div class=\"elementor-widget-wrap elementor-element-populated\">\n\t\t\t\t\t\t\t\t<div class=\"elementor-element elementor-element-14cbd08 elementor-widget elementor-widget-heading\" data-id=\"14cbd08\" data-element_type=\"widget\" data-widget_type=\"heading.default\">\n\t\t\t\t<div class=\"elementor-widget-container\">\n\t\t\t<div class=\"elementor-heading-title elementor-size-default\">Sa\u00fade<\/div>\t\t<\/div>\n\t\t\t\t<\/div>\n\t\t\t\t<div class=\"elementor-element elementor-element-ad4edeb elementor-widget elementor-widget-heading\" data-id=\"ad4edeb\" data-element_type=\"widget\" data-widget_type=\"heading.default\">\n\t\t\t\t<div class=\"elementor-widget-container\">\n\t\t\t<h2 class=\"elementor-heading-title elementor-size-default\">Boletins infomativos<\/h2>\t\t<\/div>\n\t\t\t\t<\/div>\n\t\t\t\t<div class=\"elementor-element elementor-element-7fd7818 elementor-widget-divider--view-line elementor-widget elementor-widget-divider\" data-id=\"7fd7818\" data-element_type=\"widget\" data-widget_type=\"divider.default\">\n\t\t\t\t<div class=\"elementor-widget-container\">\n\t\t\t\t\t<div class=\"elementor-divider\">\n\t\t\t<span class=\"elementor-divider-separator\">\n\t\t\t\t\t\t<\/span>\n\t\t<\/div>\n\t\t\t\t<\/div>\n\t\t\t\t<\/div>\n\t\t\t\t<div class=\"elementor-element elementor-element-3d5ad1d elementor-hidden-tablet elementor-widget elementor-widget-text-editor\" data-id=\"3d5ad1d\" data-element_type=\"widget\" data-widget_type=\"text-editor.default\">\n\t\t\t\t<div class=\"elementor-widget-container\">\n\t\t\t\t\t<div class=\"elementor-text-editor elementor-clearfix\"><p>Confira as \u00faltimas not\u00edcias sobre a situa\u00e7\u00e3o do C<\/p><\/div>\n\t\t\t\t<\/div>\n\t\t\t\t<\/div>\n\t\t\t\t\t<\/div>\n\t\t<\/div>\n\t\t\t\t\t\t\t<\/div>\n\t\t<\/section>\n\t\t\t\t<section class=\"elementor-section elementor-top-section elementor-element elementor-element-398635d elementor-section-boxed elementor-section-height-default elementor-section-height-default\" data-id=\"398635d\" data-element_type=\"section\">\n\t\t\t\t\t\t<div class=\"elementor-container elementor-column-gap-default\">\n\t\t\t\t\t<div class=\"elementor-column elementor-col-33 elementor-top-column elementor-element elementor-element-b4a7848\" data-id=\"b4a7848\" data-element_type=\"column\">\n\t\t\t<div class=\"elementor-widget-wrap\">\n\t\t\t\t\t\t\t\t\t<\/div>\n\t\t<\/div>\n\t\t\t\t<div class=\"elementor-column elementor-col-33 elementor-top-column elementor-element elementor-element-e23e7fa\" data-id=\"e23e7fa\" data-element_type=\"column\">\n\t\t\t<div class=\"elementor-widget-wrap elementor-element-populated\">\n\t\t\t\t\t\t\t\t<div class=\"elementor-element elementor-element-cc3265e elementor-widget elementor-widget-emp-mega-posts-display\" data-id=\"cc3265e\" data-element_type=\"widget\" data-widget_type=\"emp-mega-posts-display.default\">\n\t\t\t\t<div class=\"elementor-widget-container\">\n\t\t\t<style type=\"text\/css\"><\/style><div class=\"adclear\"><\/div><div class=\"admegaposts posts_type2 admpselector-2\"><div class=\"admp-columns-1 firstpost\"><div class=\"admegaposts-thumbs-container\"><img decoding=\"async\" class=\"megaposts-thumbs\" src=\"https:\/\/www.santacasalivramento.com.br\/site\/wp-content\/uploads\/2024\/02\/Relatorio-16.02-800x500.png\" alt=\"Boletim Covid-19\"><\/div><div class=\"admp-info-left\"><span class=\"admp-title\"><a href=\"https:\/\/www.santacasalivramento.com.br\/site\/boletim-covid-19\/boletim-covid-19\/\">Boletim Covid-19<\/a><\/span><span class=\"admp-content\"><a href=\"https:\/\/www.santacasalivramento.com.br\/site\/boletim-covid-19\/boletim-covid-19\/\">...<\/a><\/span><\/div><div class=\"admp-details\"><span class=\"admp-date\"><i class=\"fa fa-calendar\"><\/i>23 de abril de 2021<\/span><\/div><\/div><\/div>\t\t<\/div>\n\t\t\t\t<\/div>\n\t\t\t\t\t<\/div>\n\t\t<\/div>\n\t\t\t\t<div class=\"elementor-column elementor-col-33 elementor-top-column elementor-element elementor-element-d1bf868\" data-id=\"d1bf868\" data-element_type=\"column\">\n\t\t\t<div class=\"elementor-widget-wrap\">\n\t\t\t\t\t\t\t\t\t<\/div>\n\t\t<\/div>\n\t\t\t\t\t\t\t<\/div>\n\t\t<\/section>\n\t\t\t\t\t\t<\/div>\n\t\t\t\t\t<\/div>\n\t\t","protected":false},"excerpt":{"rendered":"<p>Artigos &amp; Not\u00edcias \u00daLTIMAS NOT\u00cdCIAS Not\u00edcias1Solidariedade que Abra\u00e7a30 de abril de 2021Solidariedade que Abra\u00e7aDemonstra\u00e7\u00f5es de solidariedade e fraternidade. Gest\u00e3o 2021- Transpar\u00eancia, Comunica\u00e7\u00e3o e Leia maisNot\u00edcias1Doa\u00e7\u00f5es do Grupo de Mulheres Solid\u00e1ria30 de abril de 2021Doa\u00e7\u00f5es do Grupo de Mulheres Solid\u00e1rias em campanha Coordenada pela Sra. Cristiana Del Fabro e Rosaura de La Rosa, e Leia maisNot\u00edcias1Santa [&hellip;]<\/p>\n","protected":false},"author":1,"featured_media":0,"parent":0,"menu_order":0,"comment_status":"closed","ping_status":"open","template":"elementor_header_footer","meta":{"footnotes":""},"class_list":["post-4","page","type-page","status-publish","hentry"],"_links":{"self":[{"href":"https:\/\/www.santacasalivramento.com.br\/site\/wp-json\/wp\/v2\/pages\/4","targetHints":{"allow":["GET"]}}],"collection":[{"href":"https:\/\/www.santacasalivramento.com.br\/site\/wp-json\/wp\/v2\/pages"}],"about":[{"href":"https:\/\/www.santacasalivramento.com.br\/site\/wp-json\/wp\/v2\/types\/page"}],"author":[{"embeddable":true,"href":"https:\/\/www.santacasalivramento.com.br\/site\/wp-json\/wp\/v2\/users\/1"}],"replies":[{"embeddable":true,"href":"https:\/\/www.santacasalivramento.com.br\/site\/wp-json\/wp\/v2\/comments?post=4"}],"version-history":[{"count":137,"href":"https:\/\/www.santacasalivramento.com.br\/site\/wp-json\/wp\/v2\/pages\/4\/revisions"}],"predecessor-version":[{"id":827,"href":"https:\/\/www.santacasalivramento.com.br\/site\/wp-json\/wp\/v2\/pages\/4\/revisions\/827"}],"wp:attachment":[{"href":"https:\/\/www.santacasalivramento.com.br\/site\/wp-json\/wp\/v2\/media?parent=4"}],"curies":[{"name":"wp","href":"https:\/\/api.w.org\/{rel}","templated":true}]}}