{"id":204,"date":"2021-04-06T06:01:04","date_gmt":"2021-04-06T09:01:04","guid":{"rendered":"http:\/\/www.santacasalivramento.com.br\/site\/?page_id=204"},"modified":"2021-05-13T17:06:25","modified_gmt":"2021-05-13T20:06:25","slug":"setores-e-servicos","status":"publish","type":"page","link":"https:\/\/www.santacasalivramento.com.br\/site\/setores-e-servicos\/","title":{"rendered":"Setores e Servi\u00e7os"},"content":{"rendered":"\t\t<div data-elementor-type=\"wp-page\" data-elementor-id=\"204\" class=\"elementor elementor-204\" data-elementor-settings=\"[]\">\n\t\t\t\t\t\t\t<div class=\"elementor-section-wrap\">\n\t\t\t\t\t\t\t<section class=\"elementor-section elementor-top-section elementor-element elementor-element-78783b71 elementor-section-boxed elementor-section-height-default elementor-section-height-default\" data-id=\"78783b71\" data-element_type=\"section\">\n\t\t\t\t\t\t<div class=\"elementor-container elementor-column-gap-default\">\n\t\t\t\t\t<div class=\"elementor-column elementor-col-100 elementor-top-column elementor-element elementor-element-4f9673c4\" data-id=\"4f9673c4\" data-element_type=\"column\">\n\t\t\t<div class=\"elementor-widget-wrap elementor-element-populated\">\n\t\t\t\t\t\t\t\t<section class=\"elementor-section elementor-inner-section elementor-element elementor-element-4736840 elementor-section-boxed elementor-section-height-default elementor-section-height-default\" data-id=\"4736840\" data-element_type=\"section\">\n\t\t\t\t\t\t<div class=\"elementor-container elementor-column-gap-default\">\n\t\t\t\t\t<div class=\"elementor-column elementor-col-100 elementor-inner-column elementor-element elementor-element-394b6f4\" data-id=\"394b6f4\" data-element_type=\"column\">\n\t\t\t<div class=\"elementor-widget-wrap elementor-element-populated\">\n\t\t\t\t\t\t\t\t<div class=\"elementor-element elementor-element-1dae237b elementor-widget elementor-widget-text-editor\" data-id=\"1dae237b\" data-element_type=\"widget\" data-widget_type=\"text-editor.default\">\n\t\t\t\t<div class=\"elementor-widget-container\">\n\t\t\t\t\t<div class=\"elementor-text-editor elementor-clearfix\"><table width=\"591\">\n<tbody>\n<tr>\n<td width=\"255\">SETOR<\/td>\n<td width=\"52\">RAMAL<\/td>\n<td width=\"284\">&nbsp;EMAIL<\/td>\n<\/tr>\n<tr>\n<td width=\"255\">AG\u00caNCIA TRANSFUSIONAL<\/td>\n<td>0291<\/td>\n<td><span style=\"color: rgba(0, 0, 0, 0.87); font-family: Roboto, RobotoDraft, Helvetica, Arial, sans-serif; font-size: 14px;\">&nbsp;agenciatransfusional@santacasalivramento.com.br<\/span><\/td>\n<\/tr>\n<tr>\n<td width=\"255\">AUDITORIA CONTAS<\/td>\n<td>0217<\/td>\n<td><span style=\"color: rgba(0, 0, 0, 0.87); font-family: Roboto, RobotoDraft, Helvetica, Arial, sans-serif; font-size: 14px; background-color: #ffffff;\">&nbsp;auditoriacontas@santacasalivramento.com.br<\/span><\/td>\n<\/tr>\n<tr>\n<td width=\"255\">ALA 1<\/td>\n<td>0286<\/td>\n<td>&nbsp;<\/td>\n<\/tr>\n<tr>\n<td width=\"255\">ALA COVID<\/td>\n<td>0288<\/td>\n<td>&nbsp;<\/td>\n<\/tr>\n<tr>\n<td width=\"255\">ALA SUS&nbsp;<\/td>\n<td>0287<\/td>\n<td>&nbsp;<\/td>\n<\/tr>\n<tr>\n<td width=\"255\">ALMOXARIFADO\/ COMPRAS<\/td>\n<td>0276<\/td>\n<td>&nbsp;almoxarifado@santacasalivramento.com.br \/ dptocompras@santacasalivramento.com.br<\/td>\n<\/tr>\n<tr>\n<td width=\"255\">AMBULAT\u00d3RIO<\/td>\n<td>0263<\/td>\n<td>&nbsp;<\/td>\n<\/tr>\n<tr>\n<td width=\"255\">ARQUIVO M\u00c9DICO<\/td>\n<td>0277<\/td>\n<td>&nbsp;same@santacasalivramento.com.br<\/td>\n<\/tr>\n<tr>\n<td width=\"255\">BLOCO CIR\u00daRGICO<\/td>\n<td>0292<\/td>\n<td>&nbsp;bloco@santacasalivramento.com.br<\/td>\n<\/tr>\n<tr>\n<td width=\"255\">BLOCO Sala de Recupera\u00e7\u00e3o<\/td>\n<td>0293<\/td>\n<td>&nbsp;<\/td>\n<\/tr>\n<tr>\n<td width=\"255\">CAC<\/td>\n<td>0251<\/td>\n<td>&nbsp;hotelaria@santacasalivramento.com.br<\/td>\n<\/tr>\n<tr>\n<td width=\"255\">CARDIONEFROCL\u00cdNICA<\/td>\n<td>0290<\/td>\n<td>&nbsp;<\/td>\n<\/tr>\n<tr>\n<td width=\"255\">CCIH<\/td>\n<td>0289<\/td>\n<td>&nbsp;ccih@santacasalivramento.com.br<\/td>\n<\/tr>\n<tr>\n<td width=\"255\">CENTRAL DE MATERIAIS ESTERILIZADOS<\/td>\n<td>0294<\/td>\n<td>&nbsp;<\/td>\n<\/tr>\n<tr>\n<td width=\"255\">CITAC<\/td>\n<td>0264<\/td>\n<td>&nbsp;<\/td>\n<\/tr>\n<tr>\n<td width=\"255\">CONTROLADORIA<\/td>\n<td>0254<\/td>\n<td>&nbsp;controladoria@santacasalivramento.com.br<\/td>\n<\/tr>\n<tr>\n<td width=\"255\">SECRET\u00c1RIA DE AMB ESPECIALIZADOS<\/td>\n<td>0260<\/td>\n<td>&nbsp;<\/td>\n<\/tr>\n<tr>\n<td width=\"255\">DIRE\u00c7\u00c3O ADMINISTRATIVA<\/td>\n<td>0258<\/td>\n<td>&nbsp;administrador@santacasalivramento.com.br<\/td>\n<\/tr>\n<tr>\n<td width=\"255\">DIRE\u00c7\u00c3O GERAL<\/td>\n<td>0257<\/td>\n<td>&nbsp;diretoria@santacasalivramento.com.br<\/td>\n<\/tr>\n<tr>\n<td width=\"255\">DIRE\u00c7\u00c3O\/SECRET\u00c1RIA<\/td>\n<td>0256<\/td>\n<td>&nbsp;&nbsp;gestor@santacasalivramento.com.br<\/td>\n<\/tr>\n<tr>\n<td width=\"255\">DIRE\u00c7\u00c3O ASSISTENCIAL<\/td>\n<td>0259<\/td>\n<td>&nbsp;direcaoassistencial@santacasalivramento.com.br<\/td>\n<\/tr>\n<tr>\n<td width=\"255\">DIRE\u00c7\u00c3O JUR\u00cdDICA<\/td>\n<td>0296<\/td>\n<td>&nbsp;<\/td>\n<\/tr>\n<tr>\n<td width=\"255\">FARM\u00c1CIA<\/td>\n<td>0265<\/td>\n<td>&nbsp;farmacia@santacasalivramento.com.br<\/td>\n<\/tr>\n<tr>\n<td width=\"255\">FATURAMENTO<\/td>\n<td>0252<\/td>\n<td>&nbsp;faturamento@santacasalivramento.com.br<\/td>\n<\/tr>\n<tr>\n<td width=\"255\">FINANCEIRO<\/td>\n<td>0254<\/td>\n<td>&nbsp;financeiro@santacasalivramento.com.br<\/td>\n<\/tr>\n<tr>\n<td width=\"255\">LAVANDERIA<\/td>\n<td>0295<\/td>\n<td>&nbsp;<\/td>\n<\/tr>\n<tr>\n<td width=\"255\">MANUTEN\u00c7\u00c3O<\/td>\n<td>0273<\/td>\n<td>&nbsp;<\/td>\n<\/tr>\n<tr>\n<td width=\"255\">MATERNIDADE\/OBSTETR\u00cdCIA \u2013 Posto de Enf.<\/td>\n<td>0283<\/td>\n<td>&nbsp;maternidade@santacasalivramento.com.br<\/td>\n<\/tr>\n<tr>\n<td width=\"255\">NUTRI\u00c7\u00c3O<\/td>\n<td>0278<\/td>\n<td>&nbsp;nutricao@santacasalivramento.com.br<\/td>\n<\/tr>\n<tr>\n<td width=\"255\">PA COVID<\/td>\n<td>0268<\/td>\n<td>&nbsp;<\/td>\n<\/tr>\n<tr>\n<td width=\"255\">PEDIATRIA \u2013 Posto de Enf.<\/td>\n<td>0285<\/td>\n<td>&nbsp;<\/td>\n<\/tr>\n<tr>\n<td width=\"255\">PORTARIA<\/td>\n<td>0255<\/td>\n<td>&nbsp;<\/td>\n<\/tr>\n<tr>\n<td width=\"255\">PSICOSOCIAL<\/td>\n<td>0299<\/td>\n<td>&nbsp;psicologa@santacasalivramento.com.br<\/td>\n<\/tr>\n<tr>\n<td width=\"255\">PSIQUIATRIA<\/td>\n<td>0298<\/td>\n<td>&nbsp;psicologa@santacasalivramento.com.br<\/td>\n<\/tr>\n<tr>\n<td width=\"255\">RAIO X<\/td>\n<td>0267<\/td>\n<td>&nbsp;raiox@santacasalivramento.com.br<\/td>\n<\/tr>\n<tr>\n<td width=\"255\">RECURSOS HUMANOS<\/td>\n<td>0279<\/td>\n<td>&nbsp;departamentopessoal@santacasalivramento.com.br<\/td>\n<\/tr>\n<tr>\n<td width=\"255\">SAMU<\/td>\n<td>0266<\/td>\n<td>&nbsp;samu@santacasalivramento.com.br<\/td>\n<\/tr>\n<tr>\n<td width=\"255\">T.I.<\/td>\n<td>0261<\/td>\n<td>&nbsp;informatica@santacasalivramento.com.br<\/td>\n<\/tr>\n<tr>\n<td width=\"255\">TELEFONISTA<\/td>\n<td>0200<\/td>\n<td>&nbsp;<\/td>\n<\/tr>\n<tr>\n<td width=\"255\">TELEFONISTA &#8211; Auxiliar<\/td>\n<td>0275<\/td>\n<td>&nbsp;<\/td>\n<\/tr>\n<tr>\n<td width=\"255\">TESOURARIA<\/td>\n<td>0253<\/td>\n<td>&nbsp;<\/td>\n<\/tr>\n<tr>\n<td width=\"255\">TRAUMATOLOGIA\/ ENDOCRINOLOGIA<\/td>\n<td>0262<\/td>\n<td>&nbsp;<\/td>\n<\/tr>\n<tr>\n<td width=\"255\">UN. ESTABILIZA\u00c7\u00c3O NEONATAL<\/td>\n<td>0284<\/td>\n<td>&nbsp;<\/td>\n<\/tr>\n<tr>\n<td width=\"255\">UTI &#8211; Enfermagem<\/td>\n<td>0280<\/td>\n<td>&nbsp;uti@santacasalivramento.com.br<\/td>\n<\/tr>\n<tr>\n<td width=\"255\">UTI \u2013 Quarto M\u00e9dico<\/td>\n<td>0282<\/td>\n<td>&nbsp;uti@santacasalivramento.com.br<\/td>\n<\/tr>\n<tr>\n<td width=\"255\">UTI &#8211; Secretaria<\/td>\n<td>0281<\/td>\n<td>&nbsp;uti@santacasalivramento.com.br<\/td>\n<\/tr>\n<tr>\n<td width=\"255\">PA AMBULAT\u00d3RIO<\/td>\n<td>0269<\/td>\n<td>&nbsp;<\/td>\n<\/tr>\n<tr>\n<td width=\"255\">PA FARM\u00c1CIA<\/td>\n<td>0272<\/td>\n<td>&nbsp;<\/td>\n<\/tr>\n<tr>\n<td width=\"255\">PA QUARTO M\u00c9DICO<\/td>\n<td>0271<\/td>\n<td>&nbsp;<\/td>\n<\/tr>\n<tr>\n<td width=\"255\">PA RECEP\u00c7\u00c3O<\/td>\n<td>0270<\/td>\n<td>&nbsp;pa@santacasalivramento.com.br<\/td>\n<\/tr>\n<tr>\n<td width=\"255\">PA TRIAGEM<\/td>\n<td>0274<\/td>\n<td>&nbsp;<\/td>\n<\/tr>\n<\/tbody>\n<\/table><\/div>\n\t\t\t\t<\/div>\n\t\t\t\t<\/div>\n\t\t\t\t\t<\/div>\n\t\t<\/div>\n\t\t\t\t\t\t\t<\/div>\n\t\t<\/section>\n\t\t\t\t\t<\/div>\n\t\t<\/div>\n\t\t\t\t\t\t\t<\/div>\n\t\t<\/section>\n\t\t\t\t\t\t<\/div>\n\t\t\t\t\t<\/div>\n\t\t","protected":false},"excerpt":{"rendered":"<p>SETOR RAMAL &nbsp;EMAIL AG\u00caNCIA TRANSFUSIONAL 0291 &nbsp;agenciatransfusional@santacasalivramento.com.br AUDITORIA CONTAS 0217 &nbsp;auditoriacontas@santacasalivramento.com.br ALA 1 0286 &nbsp; ALA COVID 0288 &nbsp; ALA SUS&nbsp; 0287 &nbsp; ALMOXARIFADO\/ COMPRAS 0276 &nbsp;almoxarifado@santacasalivramento.com.br \/ dptocompras@santacasalivramento.com.br AMBULAT\u00d3RIO 0263 &nbsp; ARQUIVO M\u00c9DICO 0277 &nbsp;same@santacasalivramento.com.br BLOCO CIR\u00daRGICO 0292 &nbsp;bloco@santacasalivramento.com.br BLOCO Sala de Recupera\u00e7\u00e3o 0293 &nbsp; CAC 0251 &nbsp;hotelaria@santacasalivramento.com.br CARDIONEFROCL\u00cdNICA 0290 &nbsp; CCIH 0289 &nbsp;ccih@santacasalivramento.com.br [&hellip;]<\/p>\n","protected":false},"author":1,"featured_media":0,"parent":0,"menu_order":0,"comment_status":"closed","ping_status":"closed","template":"elementor_header_footer","meta":{"footnotes":""},"class_list":["post-204","page","type-page","status-publish","hentry"],"_links":{"self":[{"href":"https:\/\/www.santacasalivramento.com.br\/site\/wp-json\/wp\/v2\/pages\/204","targetHints":{"allow":["GET"]}}],"collection":[{"href":"https:\/\/www.santacasalivramento.com.br\/site\/wp-json\/wp\/v2\/pages"}],"about":[{"href":"https:\/\/www.santacasalivramento.com.br\/site\/wp-json\/wp\/v2\/types\/page"}],"author":[{"embeddable":true,"href":"https:\/\/www.santacasalivramento.com.br\/site\/wp-json\/wp\/v2\/users\/1"}],"replies":[{"embeddable":true,"href":"https:\/\/www.santacasalivramento.com.br\/site\/wp-json\/wp\/v2\/comments?post=204"}],"version-history":[{"count":34,"href":"https:\/\/www.santacasalivramento.com.br\/site\/wp-json\/wp\/v2\/pages\/204\/revisions"}],"predecessor-version":[{"id":876,"href":"https:\/\/www.santacasalivramento.com.br\/site\/wp-json\/wp\/v2\/pages\/204\/revisions\/876"}],"wp:attachment":[{"href":"https:\/\/www.santacasalivramento.com.br\/site\/wp-json\/wp\/v2\/media?parent=204"}],"curies":[{"name":"wp","href":"https:\/\/api.w.org\/{rel}","templated":true}]}}